h. Is (x + 1)/((-4)/u) prime?
False
Suppose 7*a - 741016 = -0*a - a. Is a a composite number?
False
Let v(i) = -225*i - 1 + 222*i - 17. Let g be v(-7). Suppose g*k - 9902 = 457. Is k a prime number?
False
Let d be 13 - (-64)/(-24)*3. Suppose d*n + 5811 = p - 2095, 2*p - 3*n - 15805 = 0. Is p a prime number?
True
Suppose 4*v = 5*v - 5*l, 0 = -5*l. Suppose v = 3*c + 3*q - 87, -2*c + c + 17 = -3*q. Is c a prime number?
False
Let i be 6/((9/(-48388))/(9/(-6))). Let s = i + -13649. Is s prime?
True
Let a = 421402 + -144551. Is a a prime number?
False
Is 790/16590 + 10756850/21 a composite number?
True
Let y(l) = -141*l - 5. Let a be y(2). Let x = a + 749. Suppose 0 = 9*h + 5*h - x. Is h a composite number?
True
Suppose -151542 = -3*b - 3*q, b - 4*b - 2*q + 151542 = 0. Suppose 8*l = 2*l + b. Is l a composite number?
False
Suppose 4*r - 4*b - 407868 = 0, 3*r + 4*b - 128915 - 176972 = 0. Is r a prime number?
False
Suppose 4*w - 3*b = 225567, w + 9*b - 23480 - 32902 = 0. Is w a prime number?
False
Suppose -375*i + 369*i = -12. Suppose 601 = i*x - 3*o, -3*x + 5*o - 106 + 1010 = 0. Is x composite?
False
Is 10/(-6) + (-35)/((-3465)/3348642) a composite number?
True
Let j = -50257 + 107064. Is j prime?
True
Let x = -138511 + 362852. Is x prime?
False
Let d(x) = 15*x + 8. Let l(w) = w - 1. Let p(m) = d(m) + l(m). Let t = -5172 - -5176. Is p(t) a composite number?
False
Suppose -9956309 = 63*x - 264*x - 3089546. Is x a prime number?
False
Suppose -4*l - 8 = 0, -f - 2*f - 4*l = -5890. Let x = f + -1173. Is x a composite number?
True
Suppose 3*f + 232417 = -3*g + 1257334, -g = -5*f - 341651. Is g composite?
False
Let l(d) = 5*d + 13 - 5 - 64*d. Suppose 46*w = 44*w - 6, a + 3*w = -26. Is l(a) composite?
True
Suppose -2*s + 1 = -7. Let p be (s + 52/(-8))*(-18)/15. Is (p/(-9))/((-3)/10683) a composite number?
False
Let j be -1 + (-1 - 9569) - (10 + -13). Let s = j - -14511. Is s a prime number?
True
Let o = 112740 + 62713. Is o prime?
True
Is (565534/(-4))/(874/76 + 12/(-1)) prime?
True
Let s be (-1 - -1) + (-78)/26 + 2. Is s*(-7)/(21/50763) a composite number?
False
Suppose 0 = 292*s - 536*s + 24404636. Is s composite?
False
Let q(n) = -n**3 + 2*n**2 + 3*n + 1. Let k be 3*(-5)/20*4. Let c be 6/4*2*(k + 2). Is q(c) a composite number?
False
Let l = 61 - 63. Let g be l/(3966/993 - 4). Let a = g + -174. Is a composite?
False
Let n = 349546 - 31725. Is n prime?
False
Let k(x) = -45610*x**3 - 2*x**2 + 56*x + 113. Is k(-2) composite?
False
Let t = 205 - 344. Let o = 318 + t. Is o prime?
True
Suppose -2*d + q = -2246, -2*q - 1141 = -d + 3*q. Let o be (-1 + -3)*-1 - (-35 + 5)/3. Suppose -o*j = -2715 - d. Is j prime?
False
Let n = 237 + -943. Suppose 4*p - 3*p = -2. Is p/4 - (-1 + n/4) a composite number?
True
Suppose y = 3*s - 13, -5*s = 3*y - 6*y - 51. Let z = y + 22. Is 800/15 + 3/(-9) - z composite?
False
Let b(l) be the third derivative of l**5/60 + l**4/4 + 11*l**3/6 + 8*l**2. Let i be b(-5). Is 1 - -1 - (i + -321) a prime number?
True
Let k(n) = 268*n + 167. Let d be ((-3)/(-4))/(11 + (-9711)/884). Is k(d) composite?
True
Suppose 2*p - 38595 = 26*p - 2036907. Is p a prime number?
False
Let t be ((-6)/4)/((6/(-12))/1). Suppose s + 6948 + 7622 = -b, t*b - 15 = 0. Is (2 - -2)*(s/(-20) + 3) a composite number?
False
Let x(v) = 10718*v - 1429. Is x(10) a composite number?
False
Suppose 5*h + 3*a = 183176, 20*h + 4*a + 146560 = 24*h. Is h composite?
False
Let o = -469 - -466. Is o + 4 - 1 - -3091 composite?
True
Is (-38903)/(-4)*256/64 composite?
False
Suppose 5*s + 2*f + 1138686 = 0, 3*s - 5*f - 227751 = 4*s. Is (s/(-108))/((-2)/(-3)) composite?
False
Let h = 22667 + 35530. Suppose 0 = 18*p - 21*p - 3*v + 174516, p - h = 4*v. Is p a composite number?
True
Let j(x) = -8*x + 2. Let z be j(4). Let r = z + 35. Let c(k) = 7*k**2 + 16*k - 8. Is c(r) composite?
True
Suppose -3*w = w - 5*p - 8029, 5*p = -2*w + 4037. Suppose -w - 3960 = -7*q. Is q a prime number?
True
Let f = -115880 + 163443. Is f a prime number?
True
Let g(y) = y**2 + 24*y + 69. Let v be g(-21). Suppose v*j - 9290 + 1736 = 0. Suppose -2*b + j = -635. Is b composite?
False
Suppose 2*i + 11385 = -31*i. Let s = 241 + 83. Let p = s - i. Is p a prime number?
False
Let w be (10 - 28)*(-17)/3. Is ((-31054)/(-3))/(w/153) a composite number?
False
Suppose 0 = 20*g + 17250 + 32330. Let a = g + 4548. Is a a composite number?
False
Suppose -a - 2*g = -306163, -a + 306157 = 17*g - 16*g. Is a a prime number?
False
Let a be (-7 - (-250)/30)*(-1 - -4). Suppose 3*m = -5*h + 3706 + 7321, 0 = -4*h - a*m + 8828. Is h a prime number?
True
Suppose -2*h - 88 = -94. Suppose -5*x = -0*g + 2*g - 1516, -h*g - 3*x = -2265. Is g a prime number?
False
Let y be (4/(-10))/(24/20 + -1). Is -14251*(y - (-7 + 6)) a prime number?
True
Suppose -248 = -3*u - 3119. Let a = u + 344. Let i = 1880 + a. Is i prime?
False
Suppose -5*x + 4*r = -286418, -8*r + 7*r + 3 = 0. Is x a composite number?
True
Is 318774/(-10)*(-105)/63 a prime number?
True
Let y = -56 + 62. Let h be 2*y/((-9)/(-3)). Suppose -3*t + 2*p + p + 1263 = 0, -2*p = h. Is t a prime number?
True
Let i(a) = -a**3 + 27*a**2 - 22*a - 65. Suppose -35 = 5*d + 20. Let x(s) = -2*s**3 + 55*s**2 - 45*s - 131. Let j(g) = d*i(g) + 6*x(g). Is j(31) a prime number?
True
Suppose -4*i - 187379 = -13*y + 10*y, 124925 = 2*y + 3*i. Is y a prime number?
False
Let t = -225256 + 2652717. Is t a composite number?
False
Suppose 58*r = 31*r + 96093. Let c = 37134 + r. Is c prime?
True
Suppose 11*d - 1465 = 383. Suppose 0 = -4*a + 12 + 56. Let i = d + a. Is i composite?
True
Let s be (0/5)/(2*1). Let j(p) = p + 28. Let t be j(-25). Is (-2)/4*(t - (137 - s)) a prime number?
True
Suppose -4*w + 25 = w. Suppose 4*c + 1578 = 2*d, 0*d = d - w*c - 798. Suppose 6*v - d = -21. Is v a composite number?
False
Let m = 742 + -745. Is ((m - -1)*1)/(-2)*2437 prime?
True
Let r(a) be the third derivative of 73*a**5/30 - a**4/24 - a**3/6 + 4*a**2 - 7*a. Let i be 0 - (0 - (0 + -1)). Is r(i) prime?
False
Suppose -3*p + 2*z = 178, -z = 4 - 0. Let m = 65 + p. Suppose -2*h + 154 = -m*i, 5*h = 5*i - 38 + 423. Is h composite?
True
Suppose -437278 = -6*f + 5*f + 5*v, -5*v - 1311744 = -3*f. Is f composite?
True
Suppose -17*h + 1079908 = b - 16*h, -3*b + 3239778 = -3*h. Is b a composite number?
False
Suppose -74*a + 27764702 - 446196 = 0. Is a a composite number?
False
Is (-6)/(-8) - (-10 + 5838936/(-96)) a composite number?
True
Suppose -5*a + 357929 = 3*j, 1 + 7 = 2*a. Is j composite?
True
Let x(h) = 17*h**3 - 2*h**2 + 5*h + 14. Let a be x(-2). Is 425088/10 + (-28)/a a composite number?
False
Is 305268/8*9/((-81)/(-30)) prime?
False
Suppose 0*z - 3*z - 18566 = -n, 4*n + 5*z = 74281. Let j = n - 12610. Is j a prime number?
False
Let v(x) = -5*x**3 + 5*x**2 - 22*x + 43. Is v(-15) prime?
False
Let j be (-4 - -5) + (-5)/(5/(-4)). Suppose -4*b + j*m = -5*b + 3241, 2*b - 6504 = m. Is b composite?
False
Let d = 131164 + -29921. Is d a composite number?
True
Suppose 0 = 5*r + 5*o - 165, -5*r + 53 = o - 100. Let q be (4/(-6))/(r/19395). Let z = -286 - q. Is z a prime number?
False
Let a(w) = -w**3 + 11*w**2 - 18*w + 16. Let k be a(7). Is (4/(-2))/(k/(-124829)) a prime number?
True
Let i(z) be the third derivative of 0*z + 1/3*z**3 + 329/24*z**4 + 0 - 16*z**2. Is i(1) a prime number?
True
Is (-314688)/(-10) - (-1)/5 composite?
False
Suppose -3*q + 12 = -q - 2*b, 0 = -2*b. Suppose -q*z - 604 = -1750. Is z a prime number?
True
Let p be -2 + 9 + (3 - 3). Is ((-27928)/(56/p))/(-1) prime?
True
Let q(k) = 4*k + 17. Let w be q(5). Let m(p) = -1 - 3*p + 39*p**2 + 11*p - w*p**2 + 0. Is m(-6) a prime number?
True
Let r(y) = -1637*y**3 - 3*y**2 + 64*y + 197. Is r(-3) prime?
False
Let c = -1054 - -3268. Let x be (3/(-12))/((-2)/32). Suppose -x*t = 698 - c. Is t a composite number?
False
Suppose 20*k - 59865 = 15*k. Suppose -3*d = 2*l - 4516 - k, -3*d = 3*l - 16488. Is d composite?
True
Let a be 9 + -4 - (-2 + 15). Let b(k) = -64*k + 9. Is b(a) composite?
False
Let i(c) = 36*c**2 - 51*c + 11. Let r(t) = -t**2 - 2. Let x(g) = i(g) + 3*r(g). Is x(6) composite?
False
Let o = 566 - 570. Is ((-96)/56)/(o/1750) + -5 composite?
True
Let u = 18407 - -54602. Is u a prime number?
True
Let f(h) = -175*h**3 - 30*h**2 + 303*h + 8. Is f(-14) prime?
False
Let p(d) = 115